
Let a(s) be the first derivative of s**4/6 + s**3/6 + 2*s**2 - s + 4. Let j(u) be the first derivative of a(u). What is the tens digit of j(-3)?
1
Suppose -531 = 12*k - 14*k - 3*l, -4*k = 4*l - 1060. What is the units digit of k?
4
Let p be 6/14 - 50/35. Let b(o) = -o - 1. Let q be b(p). Suppose 0 = -5*n - q + 40. What is the units digit of n?
8
Suppose a - 8 = -5*i + 4, -4 = -a - 3*i. Let c(d) = -3*d**2 - d**2 - 9*d + 3*d**2 + 1. What is the units digit of c(a)?
9
Let o = -1006 - -1445. What is the units digit of o?
9
Suppose -34*r = -5*r - 26709. What is the tens digit of r?
2
Suppose -x + 4*g + 701 = -0*x, 3*x - 4*g - 2063 = 0. What is the units digit of x?
1
Let u(t) = 2*t**3 - 5*t**2 + 4*t. Let a be u(3). Suppose o + 6*o = a. Suppose -o*k + 107 = 29. What is the units digit of k?
6
Let s be -2 - -1*(3 - -3). Suppose 20 = 4*n, -s*u + 5*n = -7 + 60. Let m = u - -15. What is the units digit of m?
8
What is the hundreds digit of (-5 - -2746) + -2 + -3?
7
Let g(d) = -4*d**2 + d - 4. Let r be g(2). What is the units digit of (-2)/(-9) + (-140)/r?
8
Let g(w) = 18*w**2 + 10*w + 177. What is the thousands digit of g(-17)?
5
Let n = 1154 + -678. What is the units digit of n?
6
Let q(p) = 15*p - 10. Suppose 3 = -f + 6. What is the tens digit of q(f)?
3
Let u(s) = 2*s**2 - 3*s + 1. Let q be u(5). Suppose -2*k - 4*v = -12, 3*k - 7*v + 4*v - q = 0. What is the tens digit of k?
1
Suppose -5*u - 4*u = -3537. Suppose -3*t + 3*d + u = 0, -4*t + 2*d - 282 + 796 = 0. What is the tens digit of t?
2
Let v = -37 + 38. What is the tens digit of 19 + (7 - 4)/v?
2
Let n be ((-1)/(-2))/(3/36). Suppose n*z = 17*z - 1782. What is the hundreds digit of z?
1
Suppose 3*k - 3 = 3*r, 2*k = 1 + 3. What is the units digit of (-2)/8*r + 3553/68?
2
Let l = -9 + 8. Let p be ((-2)/1 + 0)*l. Let o(z) = 9*z - 2. What is the tens digit of o(p)?
1
Let c = -110 + 110. Suppose -5*t + 2 = q - 5, 4*t + q = 5. Suppose c = 2*a + 2*j - 16, -3*a + t*a + 2*j = -8. What is the units digit of a?
8
Suppose 5*s - 200 = 1225. What is the hundreds digit of s?
2
Let p(v) be the third derivative of v**6/360 + v**5/24 - v**4/8 + 3*v**3/2 - 9*v**2. Let q(x) be the first derivative of p(x). What is the tens digit of q(-9)?
3
Let c(a) = -a**3 + 11*a**2 + 7*a - 9. Suppose 58 - 14 = 4*v. What is the units digit of c(v)?
8
Let c be 1*((-2 - -2) + 3). Let p be 11/(-22) + (-6)/(-4). What is the units digit of (9/c - 2)*p?
1
Let a(m) = -318*m**3 + 6*m**2 + 5*m. What is the units digit of a(-1)?
9
Let t = -45 + 365. Let o = t + -187. What is the tens digit of o?
3
Suppose 2*i = 6*i - 140. Suppose g - 4*g + 4*d = -7, 3*d = 3*g - 9. Suppose 6*l - g*l - i = 0. What is the units digit of l?
5
Let y(l) = 2*l**2 + 10*l - 24. Let z be y(-13). Let h = z + -117. What is the tens digit of h?
6
Suppose 0 = 2*s - 5*m, -3*s + 3*m + 7 = -m. Suppose 0*o + 3*o = -3*y + 303, -217 = -2*y - s*o. What is the units digit of y?
6
Let a(q) = 3*q**2 - 31*q - 36. What is the tens digit of a(15)?
7
Let c = -470 - -733. What is the hundreds digit of c?
2
Suppose -4*c + c - 4*h + 691 = 0, 4*c - 2*h - 958 = 0. What is the tens digit of c?
3
Suppose 3*a + 3*f = 4*a - 34, -3*f + 40 = a. Let o = a - -14. What is the units digit of o?
1
Let z(t) = t**2 + 2*t. Let a be z(-6). Suppose 0 = 3*v - 9*v + a. What is the tens digit of (-94 - -7)/((-6)/v)?
5
Let k = 5 - 2. Suppose 3*p + 4*s - k*s - 339 = 0, 5*p = -s + 567. What is the tens digit of p?
1
Let u(l) = l**3 - 16*l**2 - 13*l + 1. Let s(n) = 12*n - 2. Let r be s(1). Suppose r*q - 4*q - 102 = 0. What is the tens digit of u(q)?
6
Let p(r) = r**2 + 7*r - 48. What is the tens digit of p(-15)?
7
Suppose 5*z + 5*x - 6230 = 0, 0 = -z + 2*x + 2*x + 1266. What is the units digit of z?
0
Suppose -81 - 84 = -33*n. Let p = -2 - -3. Suppose -n = -f + p. What is the units digit of f?
6
Let y = 244 + 342. What is the tens digit of y?
8
What is the hundreds digit of (-3*1/3)/((-1)/277)?
2
Let i be 4/(-6)*(-3 - 0). Suppose 2*f - i*v - 110 = 0, 0 = -5*v + 4*v. Suppose 2*c = -5*m + f, -4*c - m + 52 = -31. What is the tens digit of c?
2
Let w(z) = z**3 - 18*z**2 - 12*z - 108. What is the tens digit of w(21)?
6
Let c(f) = f - 19. Let b be c(9). What is the tens digit of (-10)/3*(b - -7)?
1
Let m be (-3 - 1)*(-14)/8. Let w be m*2 - (-4 + 4). Suppose -4*i = -4*o - 76, i - 5 = -2*o + w. What is the units digit of i?
9
Let i = -1151 - -2543. What is the hundreds digit of i?
3
Let x = 40 + -58. What is the units digit of 6/x*(-228)/4?
9
Let j be (-12*11/14)/(1/(-112)). Suppose 2*d - 295 = -5*r, 5*d = 4*r - 335 + j. What is the units digit of d?
5
Suppose 527 = 2*d - 129. Suppose -x - 172 = -3*x - 5*i, 4*x + 2*i = d. What is the units digit of x?
1
Let m = 576 - 330. What is the tens digit of m?
4
Let f = -94 + 752. What is the units digit of f?
8
Let j(o) = o**3 + 21*o**2 - 3*o + 73. What is the thousands digit of j(-17)?
1
Suppose d + 2*r + 8 = 0, -r - 1 = 3*d + 3. What is the units digit of d - -1 - (-68 + 8)?
1
Let s(d) = -4*d + 20. Let x be 1 + -1 - (23 + -15). What is the units digit of s(x)?
2
Let h(s) = -5*s**2 + 11*s**2 + 19 + 11*s - 10*s**2 + 5*s**2. Let a = 20 - 33. What is the units digit of h(a)?
5
Let z = -1501 - -2636. Suppose 873 + z = 8*a. What is the tens digit of a?
5
Let a(b) = -14*b. Let p(f) = f**2 + 15*f + 19. Let m be p(-14). Let x be a(m). Let j = x - -99. What is the tens digit of j?
2
Let p be ((-60)/75)/((-2)/10). Suppose 0 = 2*i + 4*k - 12, -3*i - p*k + 3 = -k. What is the units digit of 75/(-5)*i - -4?
4
Let c be (135/(-6)*2)/((-12)/8). Suppose c*k = 40*k - 300. What is the units digit of k?
0
Suppose -8*s + 46 = -130. Let h(v) = -3*v - s + v**2 + 32 - 17. What is the units digit of h(6)?
1
Let i be 15/(-10) + (-13)/(-2). Let z(k) = 4*k - i*k + 9 - 3*k + 3*k. What is the units digit of z(0)?
9
Let m be (-2 - -3)/((-1)/61). Let d(o) = -2*o**3 + 3*o**2 - 4*o - 10. Let g be d(4). Let i = m - g. What is the units digit of i?
5
Suppose -f = -2*r + 20, 2*r - 2 = 4*f + 30. Suppose -n + r = n - a, 4*n + 3*a = -4. Suppose 12 = d + x, -3*d = n*x - 5*x - 54. What is the tens digit of d?
1
Let t(j) = -30*j + 12. Let x be t(4). Let m = x - -167. What is the tens digit of m?
5
Let n(j) = -2*j + 367. What is the tens digit of n(-18)?
0
Let u = 3 + -5. Let a be 2/(-2)*(u - -7). What is the units digit of (106/4)/(a/(-10))?
3
Let f be 1/((20/52)/(-5)). Let k(n) = n + 24. What is the tens digit of k(f)?
1
Let v(p) = -3*p**2 + 10*p - 4. Let w(y) = -5*y**2 + 19*y - 9. Let b(z) = -5*v(z) + 2*w(z). What is the tens digit of b(5)?
6
Let u(n) = n**2 + n. Let q(l) = l**3 + 25*l**2 + 16*l - 18. Let y(o) = q(o) - 3*u(o). What is the units digit of y(-21)?
0
Let p be -3 - (-3 - 4) - -3. Let g be (-15)/(((-105)/50)/p). Let n = 101 - g. What is the units digit of n?
1
Let p(m) = 324*m - 771. What is the hundreds digit of p(5)?
8
Let z(y) be the second derivative of y**4/6 - 7*y**3/3 - 11*y**2/2 - 11*y. What is the tens digit of z(11)?
7
Suppose 3*q + 5 = q + t, -5 = -5*q - t. Suppose q + 8 = 8*i. What is the units digit of i?
1
Suppose 2*k + 0*k = 2. Let q(w) = 7*w - 2. Let s be q(k). Suppose 3*c - 11 = -4*j + 11, 0 = -s*c + 10. What is the units digit of j?
4
Suppose -3*v = 1047 - 3855. What is the tens digit of v?
3
Let m(b) = b - 5. Let s be (48/108)/(2/9). Let a be m(s). What is the units digit of a + (8*8)/2?
9
Let l be 5*(-12)/6*(-3)/(-2). What is the tens digit of (l/(-9))/(3 - 170/57)?
9
Suppose 716 = -p + 729. What is the units digit of p?
3
What is the units digit of (58/87)/(4/942*1)?
7
Suppose j = 4, 7*u = 4*u + 4*j + 3521. What is the tens digit of u?
7
Suppose c + l - 14 = -61, -2*c - 101 = -5*l. What is the tens digit of ((-1)/3)/(8/c) - -85?
8
Let m be 5 - ((2 - 2) + 0/(-5)). Suppose -m*n + 53 = -27. What is the tens digit of n?
1
Suppose -3*x = m - 11065, 38 = -5*m + 28. What is the hundreds digit of x?
6
Suppose -3*r + 1051 = -8*i + 3*i, -4*r = i - 1363. What is the tens digit of r?
4
Let v(s) = s**2 + s - 1. Let z(l) = 28*l**3 + 3*l - 2. Let j(p) = -v(p) + z(p). Let r(b) = -11*b + 144. Let k be r(13). What is the tens digit of j(k)?
2
Let c = -800 - -1802. What is the thousands digit of c?
1
Let y(m) = 155*m**2 - 8*m + 116. What is the tens digit of y(5)?
5
Let c(z) = z**3 - 13*z**2 - 12. Let